s divided by 131.
65
Calculate the remainder when 3006 is divided by 19.
4
Calculate the remainder when 91 is divided by 53.
38
Calculate the remainder when 12387 is divided by 70.
67
Calculate the remainder when 37 is divided by 21.
16
Calculate the remainder when 637 is divided by 20.
17
What is the remainder when 158 is divided by 139?
19
Calculate the remainder when 308 is divided by 13.
9
Calculate the remainder when 711 is divided by 137.
26
Calculate the remainder when 755 is divided by 33.
29
Calculate the remainder when 8393 is divided by 19.
14
Calculate the remainder when 254 is divided by 49.
9
What is the remainder when 510 is divided by 257?
253
What is the remainder when 3211 is divided by 146?
145
What is the remainder when 11 is divided by 3?
2
What is the remainder when 5282 is divided by 2?
0
Calculate the remainder when 291 is divided by 14.
11
Calculate the remainder when 583 is divided by 173.
64
Calculate the remainder when 5738 is divided by 20.
18
What is the remainder when 3252 is divided by 155?
152
What is the remainder when 2280 is divided by 9?
3
What is the remainder when 112 is divided by 10?
2
Calculate the remainder when 72 is divided by 29.
14
What is the remainder when 128 is divided by 8?
0
Calculate the remainder when 1718 is divided by 82.
78
Calculate the remainder when 1054 is divided by 24.
22
Calculate the remainder when 29 is divided by 20.
9
Calculate the remainder when 907 is divided by 14.
11
What is the remainder when 708 is divided by 65?
58
What is the remainder when 759 is divided by 8?
7
Calculate the remainder when 1195 is divided by 26.
25
Calculate the remainder when 56 is divided by 29.
27
Calculate the remainder when 2058 is divided by 52.
30
Calculate the remainder when 1242 is divided by 178.
174
What is the remainder when 142 is divided by 9?
7
What is the remainder when 647 is divided by 36?
35
What is the remainder when 3635 is divided by 182?
177
Calculate the remainder when 671 is divided by 167.
3
What is the remainder when 172 is divided by 5?
2
Calculate the remainder when 242 is divided by 240.
2
Calculate the remainder when 67 is divided by 39.
28
What is the remainder when 186 is divided by 100?
86
What is the remainder when 312 is divided by 34?
6
Calculate the remainder when 737 is divided by 123.
122
Calculate the remainder when 731 is divided by 50.
31
What is the remainder when 645 is divided by 24?
21
What is the remainder when 692 is divided by 115?
2
What is the remainder when 155 is divided by 89?
66
What is the remainder when 190 is divided by 55?
25
What is the remainder when 139 is divided by 79?
60
What is the remainder when 528 is divided by 77?
66
Calculate the remainder when 63 is divided by 20.
3
Calculate the remainder when 306 is divided by 14.
12
Calculate the remainder when 83 is divided by 26.
5
What is the remainder when 1633 is divided by 185?
153
What is the remainder when 9769 is divided by 115?
109
Calculate the remainder when 49 is divided by 41.
8
Calculate the remainder when 31771 is divided by 47.
46
Calculate the remainder when 233 is divided by 29.
1
Calculate the remainder when 72 is divided by 46.
26
What is the remainder when 15598 is divided by 269?
265
What is the remainder when 254 is divided by 11?
1
What is the remainder when 55 is divided by 12?
7
What is the remainder when 434 is divided by 420?
14
Calculate the remainder when 347 is divided by 258.
89
What is the remainder when 3199 is divided by 20?
19
What is the remainder when 64 is divided by 27?
10
What is the remainder when 379 is divided by 73?
14
What is the remainder when 4765 is divided by 78?
7
What is the remainder when 265 is divided by 19?
18
Calculate the remainder when 249 is divided by 78.
15
What is the remainder when 31091 is divided by 14?
11
Calculate the remainder when 483 is divided by 49.
42
What is the remainder when 329 is divided by 163?
3
What is the remainder when 2007 is divided by 67?
64
Calculate the remainder when 4450 is divided by 42.
40
What is the remainder when 143 is divided by 37?
32
What is the remainder when 57 is divided by 33?
24
Calculate the remainder when 126 is divided by 65.
61
Calculate the remainder when 569 is divided by 218.
133
What is the remainder when 954 is divided by 110?
74
Calculate the remainder when 1656 is divided by 293.
191
Calculate the remainder when 294 is divided by 49.
0
What is the remainder when 259 is divided by 29?
27
What is the remainder when 281 is divided by 74?
59
What is the remainder when 201 is divided by 23?
17
What is the remainder when 221 is divided by 30?
11
What is the remainder when 18661 is divided by 306?
301
Calculate the remainder when 299 is divided by 43.
41
What is the remainder when 141 is divided by 21?
15
What is the remainder when 1258 is divided by 82?
28
Calculate the remainder when 160 is divided by 39.
4
What is the remainder when 4609 is divided by 30?
19
Calculate the remainder when 119 is divided by 61.
58
What is the remainder when 5914 is divided by 19?
5
Calculate the remainder when 4351 is divided by 34.
33
Calculate the remainder when 942 is divided by 16.
14
Calculate the remainder when 394 is divided by 239.
155
Calculate the remainder when 421 is divided by 413.
8
Calculate the remainder when 11824 is divided by 65.
59
Calculate the remainder when 1627 is divided by 44.
43
Calculate the remainder when 149 is divided by 31.
25
Calculate the remainder when 150 is divided by 6.
0
Calculate the remainder when 130 is divided by 29.
14
Calculate the remainder when 1891 is divided by 22.
21
Calculate the remainder when 203 is divided by 73.
57
Calculate the remainder when 6472 is divided by 19.
12
What is the remainder when 76 is divided by 34?
8
Calculate the remainder when 1515 is divided by 308.
283
Calculate the remainder when 214 is divided by 56.
46
Calculate the remainder when 25257 is divided by 30.
27
What is the remainder when 450 is divided by 448?
2
Calculate the remainder when 6142 is divided by 6.
4
What is the remainder when 382 is divided by 16?
14
What is the remainder when 294 is divided by 60?
54
Calculate the remainder when 281 is divided by 28.
1
What is the remainder when 117 is divided by 16?
5
What is the remainder when 164 is divided by 66?
32
What is the remainder when 248 is divided by 37?
26
What is the remainder when 365 is divided by 6?
5
Calculate the remainder when 1187 is divided by 11.
10
What is the remainder when 129 is divided by 18?
3
What is the remainder when 3626 is divided by 22?
18
Calculate the remainder when 3377 is divided by 31.
29
What is the remainder when 32 is divided by 22?
10
Calculate the remainder when 2289 is divided by 34.
11
Calculate the remainder when 86 is divided by 24.
14
What is the remainder when 116 is divided by 18?
8
What is the remainder when 1768 is divided by 44?
8
What is the remainder when 805 is divided by 34?
23
What is the remainder when 29 is divided by 14?
1
Calculate the remainder when 451 is divided by 42.
31
Calculate the remainder when 316 is divided by 81.
73
Calculate the remainder when 237 is divided by 23.
7
What is the remainder when 546 is divided by 82?
54
What is the remainder when 57 is divided by 3?
0
What is the remainder when 432 is divided by 144?
0
What is the remainder when 251 is divided by 34?
13
Calculate the remainder when 3398 is divided by 36.
14
Calculate the remainder when 3389 is divided by 1129.
2
Calculate the remainder when 154 is divided by 64.
26
What is the remainder when 1227 is divided by 41?
38
Calculate the remainder when 3414 is divided by 67.
64
Calculate the remainder when 541 is divided by 21.
16
What is the remainder when 447 is divided by 53?
23
What is the remainder when 233 is divided by 63?
44
What is the remainder when 124 is divided by 21?
19
Calculate the remainder when 33779 is divided by 15.
14
Calculate the remainder when 126 is divided by 13.
9
Calculate the remainder when 11471 is divided by 24.
23
What is the remainder when 70 is divided by 13?
5
Calculate the remainder when 1269 is divided by 67.
63
Calculate the remainder when 29 is divided by 7.
1
What is the remainder when 111 is divided by 43?
25
What is the remainder when 167 is div